 the highest common factor of 3 and h?
3
Suppose 0 = -14*l + 13*l + 210. Calculate the greatest common divisor of l and 30.
30
Let s be -2*-1*(3 + -1). Let x = 5 + s. What is the greatest common factor of x and 9?
9
Suppose 0 = -4*x - 2*o + 242, -2*o + 7*o = -2*x + 141. What is the greatest common factor of x and 145?
29
Suppose -2*p - d + 5 = 0, -6*p = -2*p + 4*d - 20. Let s be (1 + p)/(4/24). What is the greatest common divisor of s and 6?
6
Suppose -33*w + 35*w - 918 = 0. Calculate the greatest common divisor of 51 and w.
51
Let d(f) = f - 3. Let q be d(20). Calculate the greatest common divisor of 136 and q.
17
Let l = 3 + 0. Suppose -n + 36 = l*n. What is the greatest common factor of 1 and n?
1
Let r(d) = -3*d - 5. Let u be r(-4). Calculate the greatest common factor of 14 and u.
7
Let q be 1/((-2)/(-92)) - 1. Suppose -3*g + 12 = -12. Let w be ((-54)/g)/((-6)/16). Calculate the highest common factor of q and w.
9
Suppose q = 32 + 4. Suppose 3*g - 129 - 33 = 0. Calculate the greatest common factor of q and g.
18
Let m = -12 - -3. Let u be (1*m/1)/(-1). Let f be (-2382)/(-24) - (-2)/(-8). Calculate the greatest common factor of f and u.
9
Suppose -5*z - 28 = -2*k, 4*k - 76 = 6*z - z. Calculate the greatest common factor of k and 216.
24
Suppose -3*p = y + 163 - 496, 0 = 3*p - 4*y - 318. Suppose 4*j + 4*g - 44 = 0, 0*j - 4*g = 3*j - 34. What is the greatest common divisor of j and p?
10
Suppose -3*m + 2*f = -18, 4*m - 5*f + 6 = 5*m. Calculate the highest common factor of m and 9.
3
Let b be (-8)/(68/(-20) + 3). Calculate the greatest common divisor of 20 and b.
20
Suppose 3*i = 133 - 34. Calculate the greatest common divisor of 11 and i.
11
Suppose -6*u = -2*u, 2*l - 5*u = 80. Suppose 17 - 5 = -4*g. Let j be (-10)/(-2) - 0/g. What is the highest common divisor of l and j?
5
Suppose -2*v - 24 = -96. Calculate the highest common divisor of v and 90.
18
Suppose 2*u - 6*u = -16. Suppose 0 = -2*c + 7 + 5. What is the highest common factor of u and c?
2
Let o(s) = -2*s - 2. Let z be o(-2). Calculate the greatest common factor of z and 3.
1
Let l = -121 - -139. Calculate the highest common factor of l and 9.
9
Suppose -2*f + 8 = 3*m - 38, 0 = 5*m + 4*f - 80. Suppose -3*z + 5*r = -1, z + 2*r = 2*z. Calculate the greatest common factor of z and m.
2
Let f be (-2)/(-6) + (-37)/3. Let r = -2 - -1. Let h be -7*((f - r) + 0). What is the greatest common factor of h and 7?
7
Suppose -41 = -f + 34. Let l be 6/(-4)*(-8)/6. Suppose 4*d + 4*o - 60 = l*d, 2*d - 60 = o. Calculate the greatest common divisor of f and d.
15
Suppose 0 = -15*m + 18*m - 198. What is the greatest common divisor of m and 6?
6
Let x = 968 + -572. Calculate the greatest common factor of x and 36.
36
Let w = -3 - -17. What is the greatest common factor of w and 98?
14
Suppose 0 = 2*z - 9 - 15. Suppose t + 57 - 69 = 0. What is the highest common factor of t and z?
12
Let o(h) = 5*h**2 + 4*h + 2. Let q be o(-2). Suppose 5*m = v - 62 + 16, 2*v - 32 = -2*m. What is the highest common divisor of q and v?
7
Suppose -2*t + 2*k = -24, 0 = -t + 5*k + 4. What is the greatest common divisor of 28 and t?
14
Let x = -39 + 79. Calculate the highest common divisor of x and 320.
40
Suppose -u - 4*u = -5*t + 120, -5*u = 2*t - 48. What is the highest common factor of 108 and t?
12
Let w = -32 + 36. What is the greatest common divisor of 4 and w?
4
Suppose 4*x - 1170 = -5*x. Calculate the highest common divisor of 10 and x.
10
Let d be (6/(-4))/(60/(-80)). Suppose 2 = -a + 3*a. Let g = a + 1. What is the greatest common factor of d and g?
2
Let n = 55 - 37. Let p = n - 6. Calculate the highest common divisor of 6 and p.
6
Suppose -5*b + 0*b = -1020. Suppose -3*v + 0*v - 4*c = -b, 363 = 5*v - c. Calculate the highest common divisor of v and 8.
8
Suppose 0 = 5*z - i - 72, 54 = 4*z - 4*i + 5*i. Let a = -28 + 49. Calculate the highest common factor of z and a.
7
Let h = 1 + 2. Let l(b) = -b**2 + b**h + 1 + 0 + 1 - 2*b. Let t be l(3). What is the greatest common divisor of t and 42?
14
Let f(z) = z. Let t be f(2). Suppose 0 = -t*r + r + 13. Let n(h) = -h**2 - 14*h - 14. Let i be n(-10). What is the greatest common factor of i and r?
13
Let i be 12 + (-3 - (5 - 8)). Calculate the highest common divisor of 36 and i.
12
Suppose a = -4*a + 2*z + 189, 4*z = -3*a + 103. Let v = -20 - -40. Let w = a - v. What is the highest common divisor of 17 and w?
17
Let m(x) = -4*x**3 + 1. Let j be m(-1). Calculate the greatest common factor of j and 5.
5
Let p(y) = y**3 + 7*y**2 - 10*y - 20. Let t be p(-7). Calculate the greatest common factor of t and 125.
25
Let q = 7 + -4. Suppose -2*j = -q*y - 3, 5 = 2*y + 11. Let x be ((-6)/(-4))/(j/(-10)). Calculate the highest common divisor of x and 2.
1
Let j be (1 - -1)*(-108)/(-24). What is the greatest common factor of 36 and j?
9
Let n be 2 - 43*(-2)/2. Suppose 0*v - 5*v = -n. Suppose -2*u + 3*o + 18 = -v, -3*u + o = -37. What is the highest common divisor of u and 8?
4
Let n(q) = -q + 16. Let w be n(0). Calculate the greatest common divisor of w and 80.
16
Suppose 3*s - 6*s = 0. Let n be -1 - (1 + -4 - s). What is the greatest common divisor of 22 and n?
2
Suppose f - 2*f = g - 67, -f + 2*g = -82. Suppose 9*s - 6 - 156 = 0. What is the greatest common factor of f and s?
18
Suppose -3*s - 5*z + 4*z - 41 = 0, 0 = -3*s - 3*z - 45. Let i = s + 41. Calculate the greatest common factor of i and 7.
7
Let p be ((-2)/5)/((-1)/(-5)). Let d be p*(-3)/(-9)*-36. Suppose 7*a = 3*a + 32. What is the highest common divisor of a and d?
8
Suppose 0 = -0*y - 4*y + f + 121, 0 = -y - f + 24. Suppose 0 = 2*w - z - 121 - y, -4*z = -16. What is the greatest common divisor of w and 11?
11
Suppose -6*f + 3*f = -27. Calculate the greatest common factor of f and 72.
9
Let c be 10/35 + 12/7. Suppose -6*g = -c*g - 4608. Let k be g/30 + 4/(-10). What is the highest common factor of k and 57?
19
Let b = 10 + -6. Suppose -b*q + 346 = y - 4*y, 0 = -2*q + 4*y + 178. Let k = -10 + 44. Calculate the greatest common divisor of q and k.
17
Let r(k) = -34*k + 2. Suppose 10 = 4*b - 9*b. Let a be r(b). Calculate the highest common divisor of 10 and a.
10
Suppose 2*j = -2*j + 180. Suppose 0*v + j = v. Suppose -4*h + 2*d + 68 = 0, -5*h + 2*d + 43 = -43. What is the highest common factor of h and v?
9
Let g(i) = 65*i**2 - i. Let v be g(1). Suppose 0 = -5*q + 4*q + 1. Let x be 8 - 0*q/(-2). What is the greatest common factor of x and v?
8
Let g = -12 + 14. Suppose -4*z = -2*a + 116, g*a + 5*z = -0*a + 152. Calculate the highest common divisor of 6 and a.
6
Suppose 2*m = -2*m + 8. Suppose -5*n + 32 = -m*n - 2*x, -4*n = 2*x - 52. Suppose -4 - 21 = 5*q, -q - 149 = -3*i. What is the greatest common divisor of i and n?
12
Suppose -l - 7 = -23. What is the highest common factor of l and 24?
8
Suppose -192 + 32 = -2*t. What is the greatest common divisor of t and 5?
5
Let i = -53 - -93. Let o be ((-64)/10)/(14/(-35)). Calculate the highest common factor of i and o.
8
Let c(w) = w**3 - 8*w**2 - 9*w + 11. Let t be c(9). Let v be (4 + -1)*(18 - t). Calculate the greatest common factor of v and 7.
7
Let d(n) = n - 5. Let x(q) = 6*q - 3. Let y be x(5). Suppose 0 = 4*z - y - 5. Let j be d(z). Calculate the greatest common factor of j and 15.
3
Let j be (-2)/(1 + (-45)/44). What is the greatest common divisor of 33 and j?
11
Suppose 4*q + 1 = -2*h + 11, -q + 25 = 2*h. Suppose 5*c = 2*z + h, -2*c - z = z - 6. Let k be 13/c + 3/(-9). What is the greatest common divisor of k and 20?
4
Let t be (-10)/(-12)*-4*-3. Let d = 21 - -59. What is the highest common divisor of d and t?
10
Suppose -9 + 6 = 3*t. Let l = 15 - t. Calculate the greatest common divisor of 8 and l.
8
Suppose 0*q - 36 = 2*q. Let c be q/(-5) + 3/(-5). Let p be c*(-14)/(-6) + -3. What is the highest common factor of p and 1?
1
Let j(u) = 127*u**2 - 2*u + 1. Let s be j(1). What is the greatest common factor of 14 and s?
14
Let l = -11 - -19. Let m be (-11)/2*(-3 - -1). Suppose -k + 5 = 3*q, 5*k - 4*q - m = -5*q. What is the highest common factor of k and l?
2
Suppose 0 = -a - a + 20. Suppose -4*l - 50 + 170 = 0. Suppose 4*i - l - 70 = 0. Calculate the greatest common factor of i and a.
5
Let y(c) = -2*c**2 - c. Let l(h) = 8*h**2 - 2*h**2 - 4*h**2. Let q(m) = -6*l(m) - 7*y(m)